ed by 27.
18
Suppose 0 = -13*y + 47 + 18. Calculate the remainder when 12 is divided by y.
2
Let t(v) = v**2 - 5*v - 1. Suppose 54 = o + 19. What is the remainder when o is divided by t(7)?
9
Let w(v) = 29*v - 1. Let q(u) = -10*u**2 - u - 1. Let m be q(-1). Calculate the remainder when w(1) is divided by 30/(m/15*-3).
13
Let r = -3 + 1. Let o = r - -8. Suppose 7*j - 55 = o*j. What is the remainder when j is divided by 28?
27
Suppose -s - 3*w + 53 = s, -4*w - 37 = -3*s. Suppose 4*k - 12 = 4*t, -3*k + t - 29 + 38 = 0. What is the remainder when s is divided by k?
1
Suppose 2*p - p + 2*f - 1 = 0, -3*f + 15 = -3*p. Let g be -1 - 2 - p - -2. Suppose -g*k = -4*k + 56. What is the remainder when k is divided by 15?
13
Let f = -627 + 685. Calculate the remainder when 70 is divided by f.
12
Let a(i) = i**2 - i - 91. Let p = -4 + 4. Let d be a(p). Let b = 137 + d. What is the remainder when b is divided by 16?
14
Let s(r) = r**3 + r + 56. Suppose -3*t - 5*t = -4*t. Suppose 4*u - 5*j - 96 = 0, 5*j = u + 6*j - 15. Calculate the remainder when s(t) is divided by u.
18
Let p(m) = -7*m**2 + 75*m - 1. What is the remainder when 587 is divided by p(10)?
48
Suppose 0 = 3*h - 4*k + 2*k - 9, -h + k = -2. Suppose -3 = h*c - 173. What is the remainder when c is divided by 18?
16
Let u be 19/17 + 14/(-119). Calculate the remainder when 20 is divided by (u - 4) + 14 + 0.
9
Let z = 2 - -35. Let u(l) = -8*l - 13. Let f be u(-8). Suppose 46*r = f*r - 70. What is the remainder when z is divided by r?
9
Let h(g) = g**3 + 6*g**2 - 7*g + 5. Calculate the remainder when h(-6) is divided by 9 - (6 - (-7 - -17)).
8
Let v = -16 - -16. Suppose 0 = -t + 4. Calculate the remainder when v - (-3 + 6 - 8) is divided by t.
1
Let n(s) = -s**3 - 2*s**2 + 2*s + 10. Let z be n(-4). Let r = z + -2. What is the remainder when r is divided by 9?
5
Suppose 5*t + 85 = -60. Let h = 77 - 38. Let p = t + h. What is the remainder when 28 is divided by p?
8
Suppose 0 = 22*n - 105 - 269. What is the remainder when 63 is divided by n?
12
Suppose 0 = 2*c - 2*g - 48, 0 = 2*c - c - 2*g - 19. Suppose 11*r + c = 12*r. Calculate the remainder when 84 is divided by r.
26
Let f(j) = 15*j**2 - 9*j + 20. Let k = 2 - -23. What is the remainder when f(4) is divided by k?
24
Suppose -3*x - 3*v - 39 = 0, -x + 6*v = v - 11. Let g(r) = 4*r**2 - 94*r - 186. Calculate the remainder when (x/(-12))/((-2)/(-88)) is divided by g(-2).
15
Let u(s) = 2*s**2 + 12*s - 4. Calculate the remainder when 67 is divided by u(-8).
11
Suppose 0 = 6*f - 33 - 165. Let g = 46 - f. Calculate the remainder when 49 is divided by g.
10
Let j(u) = u**3 - 5*u**2 + 3*u - 3. Let v be j(5). Suppose -v = -4*c + 16. What is the remainder when c is divided by 6?
1
Suppose -2*o + 30 = 3*o. Calculate the remainder when 28 is divided by (-27)/o*(-32)/24.
4
Suppose k - 3*z - z - 52 = 0, 4*k + 2*z = 136. Suppose -5*g + 54*n = 51*n - 339, -284 = -4*g - 4*n. What is the remainder when g is divided by k?
33
Let m(h) = h**2 - 7*h + 6. Let d(g) = 3*g - 28. Let o be d(12). Calculate the remainder when m(o) is divided by 8.
6
Let m(s) = 21*s - 5. Let o be m(7). Let p = o - 75. What is the remainder when p is divided by 23?
21
Let q(z) = -z + 30. Let j be 1 + (-1 - (0 - 0)). Let s = -341 - -349. Calculate the remainder when q(j) is divided by s.
6
Let s(x) = 5*x**3 - x**2 + 2*x - 1. Suppose 0 = -2*m + 3*t + 21, -t - 49 = -3*m - 0*t. Calculate the remainder when m is divided by s(1).
3
Suppose l = 6*l - 110. Suppose 9*a = 13*a + 8, 126 = 2*x + 2*a. Calculate the remainder when x is divided by l.
21
Calculate the remainder when 7/(-105)*0 + 98 + 0 is divided by 33.
32
Let c be (-1 + 0)/(3/(-18)). Let q be c/4 + 2/4. Suppose -y - q*l + 18 = 0, 0 = 4*y - 2*l + 7*l - 69. What is the remainder when y is divided by 9?
7
Let b be (4/12)/(1/(-3)). Let p be 8*(2 + b + 2). Calculate the remainder when 11 is divided by (-3)/(-2) - p/(-16).
2
Calculate the remainder when 223 is divided by (266/76)/(14/60).
13
Let o(z) = -z**3 + z**2 + z - 2. Let m be o(0). Let j be (-2 - -1)*6/m. Suppose 4*f - 5 = j. Calculate the remainder when f is divided by 1.
0
Calculate the remainder when 31 is divided by (-120)/(-2)*((-63)/(-14) + -4).
1
Suppose -i - v = -0 + 7, -i - 4*v - 19 = 0. Let m = i + 8. Suppose 3*z = -2*p + 54, 2*z - m*z = 4*p - 54. What is the remainder when 69 is divided by z?
15
Let f(k) = 10*k**2 + 8*k. Let q be f(-3). Suppose 13*w = 7*w + q. Suppose 2*g - 2*o = -2*g + 24, -5*o = g - 17. Calculate the remainder when w is divided by g.
4
Suppose -k + 100 = 5*w - 6*k, 0 = -w - 4*k + 5. Suppose 4*a = -w + 41. What is the remainder when 20 is divided by a?
2
Let o(k) = 8*k**2 - 2*k + 3*k + 3 - 3*k**2 + k**3 - 5. What is the remainder when 24 is divided by o(-3)?
11
Suppose -i + 5 = -1. Let c be -6*(4 - 26/i). Suppose 26 + 15 = c*l - 3*q, 2*l = -2*q + 16. What is the remainder when 37 is divided by l?
11
Suppose 0 = -4*c + 2*c - 2, -443 = -2*b + c. Suppose b = 3*v + 29. Calculate the remainder when v is divided by 13.
12
Suppose 0 = -0*r - 4*r + 132. Calculate the remainder when 90 is divided by r.
24
Suppose -151*g + 148*g = -330. Calculate the remainder when g is divided by 33.
11
Suppose 4*p - 276 = 8*x - 3*x, 2*p = 4*x + 144. Calculate the remainder when p is divided by (-1)/(((-5)/13)/5).
12
Let u(h) = 11*h + 6. Let p be u(7). Suppose p*s - 82*s = 22. What is the remainder when s is divided by 22?
0
Suppose -3*t = -2*t - 5*d - 7, 28 = 4*t - 3*d. Let l be -1 + -4*4/(-16). Suppose -2*a - a + 9 = l. Calculate the remainder when t is divided by a.
1
What is the remainder when 15*(-51)/(-18)*2 is divided by 19?
9
Let w(f) = 6*f + 16. Let d be w(2). What is the remainder when (79 + 2 + -4)*24/d is divided by 17?
15
Let g(f) = -f**3 + 14*f**2 + 2*f - 6. Suppose -35 = -4*m - 15. Let z = 9 + m. Calculate the remainder when 41 is divided by g(z).
19
Let a = -168 - -333. Calculate the remainder when a is divided by 34.
29
Suppose 2*d + p = 5, -2*d + 5 = -3*d - 2*p. Calculate the remainder when d - 2 - 2*-87 is divided by 36.
33
Suppose 2*a = -2*d + 12, 0 = 3*a - d - d - 8. Suppose 4*z + 3*k = 19, 5*z + 4*k - 2 = 22. Calculate the remainder when a is divided by z.
0
Suppose -11 = -2*g - 5*n, -7*g + 2*g = -n - 41. Let p = 41 - -1. Let u = p - 20. Calculate the remainder when u is divided by g.
6
Let u = -31 - -46. Suppose 11 + 9 = 5*k. Suppose -2*f - 58 = -k*f. What is the remainder when f is divided by u?
14
Suppose 5*q - 55 = -4*f - f, -5*q - 2*f = -64. Suppose -2*p + 33 = -139. Suppose -2*x + 22 = -p. Calculate the remainder when x is divided by q.
12
Suppose -f + 14 = 5*t, 3*t + 5*f - 2 = 2. Let u(z) = -17*z - 8. Calculate the remainder when u(-6) is divided by (29 - 2) + (0 - t).
22
Suppose -2*q - 22 = -4*q. Let j(u) = -u**3 + 8*u**2 + 14*u - 5. Let n be j(9). What is the remainder when q is divided by 10*6/n*4?
5
Let c = -445 - -483. What is the remainder when 224 is divided by c?
34
Let y = 1029 - 1011. Suppose t - 29 - 8 = 0. What is the remainder when t is divided by y?
1
Let a(t) = -t**2 - 3*t**2 - 2 - 2*t**2 - 5*t - t**3. Let w be a(-5). What is the remainder when 53 is divided by 3/w*(-56)/6?
11
Let x(f) = 31*f**2 - 1. Let k be x(1). Let h be 2 - (-2 + 2) - 100/5. Let j = h + k. What is the remainder when 22 is divided by j?
10
Let q = -21 + 40. Let k be 2565/20 + (-5)/20. Let g = k - 72. Calculate the remainder when g is divided by q.
18
Let w(y) = -y**2 + 16*y - 38. What is the remainder when 60 is divided by w(11)?
9
Let m(l) = l**2 + 13*l - 104. What is the remainder when m(17) is divided by 104?
94
Let x = 15 + 320. Calculate the remainder when x is divided by 86.
77
Suppose -k + 43 = 14. Suppose -5*j = -14 - 1. Suppose r + j - 18 = 0. Calculate the remainder when k is divided by r.
14
Let j(n) = -n**3 + 30. Suppose 3*o + o - 48 = 0. Suppose -o = -2*t + 4*z, 12 = 4*t - 5*z - 3. What is the remainder when j(t) is divided by 11?
8
Suppose 0 = 3*x - 8 - 4, -5*f + 7 = -2*x. Suppose 5*l - f*s + s - 31 = 0, -3*l + 24 = -3*s. What is the remainder when (1 - -6)/(2/4) is divided by l?
4
Suppose -208 = 2*k + 2*k. Let j = 201 - 110. Let x = k + j. What is the remainder when x is divided by 20?
19
Suppose 21*y = 10*y + 748. Calculate the remainder when y is divided by 62.
6
